{"id":947,"date":"2015-06-15T12:19:56","date_gmt":"2015-06-15T10:19:56","guid":{"rendered":"http:\/\/www.doklog.com\/?page_id=947"},"modified":"2016-02-28T21:16:01","modified_gmt":"2016-02-28T19:16:01","slug":"physik-im-advent","status":"publish","type":"page","link":"https:\/\/www.doklog.com\/?page_id=947","title":{"rendered":"Physik im Advent"},"content":{"rendered":"<p id=\"top\" \/><img loading=\"lazy\" decoding=\"async\" class=\"alignleft size-full wp-image-1039\" src=\"http:\/\/www.doklog.com\/wp-content\/uploads\/2015\/06\/platz2-200.jpg\" alt=\"platz2-200\" width=\"200\" height=\"117\" srcset=\"https:\/\/www.doklog.com\/wp-content\/uploads\/2015\/06\/platz2-200.jpg 200w, https:\/\/www.doklog.com\/wp-content\/uploads\/2015\/06\/platz2-200-150x88.jpg 150w, https:\/\/www.doklog.com\/wp-content\/uploads\/2015\/06\/platz2-200-100x59.jpg 100w\" sizes=\"(max-width: 200px) 100vw, 200px\" \/><\/p>\n<p>&nbsp;<\/p>\n<p>&nbsp;<\/p>\n<p>&nbsp;<\/p>\n<p>&nbsp;<br \/>\n<iframe loading=\"lazy\" src=\"https:\/\/www.youtube.com\/embed\/cvx7PiV_0Zw\" width=\"560\" height=\"315\" frameborder=\"0\" allowfullscreen=\"allowfullscreen\"><\/iframe><\/p>\n<p><iframe loading=\"lazy\" src=\"https:\/\/www.youtube.com\/embed\/6IdTF_Hvkdw\" width=\"560\" height=\"315\" frameborder=\"0\" allowfullscreen=\"allowfullscreen\"><\/iframe><br \/>\n<strong>Ihr nennt es Spielen, wir nennen es Experimentieren.<\/strong><\/p>\n<p>Mit &#8220;PiA &#8211; Physik im Advent\u201c haben wir einen Adventskalender der besonderen Art entwickelt: einen physikalischen Adventskalender. Darin stellen wir Jungforscherinnen, Jungforschern und allen, die daran Spa\u00df haben, 24 kleine einfache Experimente und physikalische R\u00e4tsel vor. Sie sollen die Freude am Selber-Experimentieren wecken oder f\u00fcr Spannung beim Zuschauen sorgen.<\/p>\n<p>Vom 1. bis zum 24. Dezember 2014 wird jeden Tag per Video-Clip ein Experiment vorgestellt, das Ihr nachmachen k\u00f6nnt. Auf der Webseite k\u00f6nnt Ihr anschlie\u00dfend die Fragen im Laufe des Tages beantworten. Die Aufl\u00f6sung der in dem Experiment aufgeworfenen physikalischen Frage erfolgt am n\u00e4chsten Tag ebenfalls per Video.<\/p>\n<p>Teilnehmen k\u00f6nnen Sch\u00fclerinnen und Sch\u00fcler der Klassen 5 bis 10, komplette Klassenverb\u00e4nde oder auch ganze Schulen. J\u00fcngere oder \u00e4ltere Sch\u00fclerinnen und Sch\u00fcler, Eltern, Studierende oder Lehrkr\u00e4fte sind aber auch herzlich eingeladen. <a href=\"http:\/\/www.physik-im-advent.de\/\" target=\"_blank\">Macht mit!<\/a><\/p>\n","protected":false},"excerpt":{"rendered":"<p>&nbsp; &nbsp; &nbsp; &nbsp; Ihr nennt es Spielen, wir nennen es Experimentieren. Mit &#8220;PiA &#8211; Physik im Advent\u201c haben wir einen Adventskalender der besonderen Art entwickelt: einen physikalischen Adventskalender. Darin [&hellip;]<\/p>\n","protected":false},"author":1,"featured_media":0,"parent":0,"menu_order":0,"comment_status":"closed","ping_status":"closed","template":"","meta":{"footnotes":""},"_links":{"self":[{"href":"https:\/\/www.doklog.com\/index.php?rest_route=\/wp\/v2\/pages\/947"}],"collection":[{"href":"https:\/\/www.doklog.com\/index.php?rest_route=\/wp\/v2\/pages"}],"about":[{"href":"https:\/\/www.doklog.com\/index.php?rest_route=\/wp\/v2\/types\/page"}],"author":[{"embeddable":true,"href":"https:\/\/www.doklog.com\/index.php?rest_route=\/wp\/v2\/users\/1"}],"replies":[{"embeddable":true,"href":"https:\/\/www.doklog.com\/index.php?rest_route=%2Fwp%2Fv2%2Fcomments&post=947"}],"version-history":[{"count":7,"href":"https:\/\/www.doklog.com\/index.php?rest_route=\/wp\/v2\/pages\/947\/revisions"}],"predecessor-version":[{"id":1041,"href":"https:\/\/www.doklog.com\/index.php?rest_route=\/wp\/v2\/pages\/947\/revisions\/1041"}],"wp:attachment":[{"href":"https:\/\/www.doklog.com\/index.php?rest_route=%2Fwp%2Fv2%2Fmedia&parent=947"}],"curies":[{"name":"wp","href":"https:\/\/api.w.org\/{rel}","templated":true}]}}