{"id":26,"date":"2011-08-01T00:37:40","date_gmt":"2011-07-31T22:37:40","guid":{"rendered":"http:\/\/www.doklog.com\/?page_id=26"},"modified":"2012-11-05T12:28:47","modified_gmt":"2012-11-05T10:28:47","slug":"linienfestival","status":"publish","type":"page","link":"https:\/\/www.doklog.com\/?page_id=26","title":{"rendered":"LinienFestival"},"content":{"rendered":"<p id=\"top\" \/>&nbsp;<\/p>\n<p>Videoproducts for: Linien Festival Neue Musik in G\u00f6ttingen 2010<\/p>\n<p><iframe loading=\"lazy\" src=\"http:\/\/player.vimeo.com\/video\/27021921?title=0&amp;byline=0&amp;portrait=0\" frameborder=\"0\" width=\"949\" height=\"534\"><\/iframe><\/p>\n<p><a href=\"http:\/\/vimeo.com\/27021921\">LINIEN FESTIVAL NEUE MUSIK<\/a> from <a href=\"http:\/\/vimeo.com\/user3752470\">doklog<\/a> on <a href=\"http:\/\/vimeo.com\">Vimeo<\/a>.<\/p>\n<p><iframe loading=\"lazy\" src=\"http:\/\/player.vimeo.com\/video\/27064714?title=0&amp;byline=0&amp;portrait=0\" frameborder=\"0\" width=\"949\" height=\"534\"><\/iframe><\/p>\n<p><a href=\"http:\/\/vimeo.com\/27064714\">daniel ott interview<\/a> from <a href=\"http:\/\/vimeo.com\/user3752470\">doklog<\/a> on <a href=\"http:\/\/vimeo.com\">Vimeo<\/a>.<\/p>\n<p><iframe loading=\"lazy\" src=\"http:\/\/player.vimeo.com\/video\/27498032?title=0&amp;byline=0&amp;portrait=0\" frameborder=\"0\" width=\"949\" height=\"534\"><\/iframe><\/p>\n<p><a href=\"http:\/\/vimeo.com\/27498032\">epoche F<\/a> from <a href=\"http:\/\/vimeo.com\/user3752470\">doklog<\/a> on <a href=\"http:\/\/vimeo.com\">Vimeo<\/a>.<\/p>\n<p>Interview mit Roland Diry und Anna Katharina Wildermuth 13min. Beide sprechen gemeinsam mit Tina Fibiger \u00fcber Erfahrungen mit Neuer Musik.<\/p>\n<p><iframe loading=\"lazy\" src=\"http:\/\/player.vimeo.com\/video\/27506421?title=0&amp;byline=0&amp;portrait=0\" frameborder=\"0\" width=\"949\" height=\"712\"><\/iframe><\/p>\n<p><a href=\"http:\/\/vimeo.com\/27506421\">Isabelle Kr\u00f6tsch<\/a> from <a href=\"http:\/\/vimeo.com\/user3752470\">doklog<\/a> on <a href=\"http:\/\/vimeo.com\">Vimeo<\/a>.<\/p>\n<p>Isabelle Kr\u00f6tsch spricht mit Tina Fibiger \u00fcber ihre Projektions-Performance &#8220;Nur zwei Dinge&#8221; auf dem Linien Festival f\u00fcr Neue Musik in G\u00f6ttingen. 15min<\/p>\n","protected":false},"excerpt":{"rendered":"<p>&nbsp; Videoproducts for: Linien Festival Neue Musik in G\u00f6ttingen 2010 LINIEN FESTIVAL NEUE MUSIK from doklog on Vimeo. daniel ott interview from doklog on Vimeo. epoche F from doklog on [&hellip;]<\/p>\n","protected":false},"author":1,"featured_media":0,"parent":24,"menu_order":0,"comment_status":"closed","ping_status":"open","template":"full-width-page.php","meta":{"footnotes":""},"_links":{"self":[{"href":"https:\/\/www.doklog.com\/index.php?rest_route=\/wp\/v2\/pages\/26"}],"collection":[{"href":"https:\/\/www.doklog.com\/index.php?rest_route=\/wp\/v2\/pages"}],"about":[{"href":"https:\/\/www.doklog.com\/index.php?rest_route=\/wp\/v2\/types\/page"}],"author":[{"embeddable":true,"href":"https:\/\/www.doklog.com\/index.php?rest_route=\/wp\/v2\/users\/1"}],"replies":[{"embeddable":true,"href":"https:\/\/www.doklog.com\/index.php?rest_route=%2Fwp%2Fv2%2Fcomments&post=26"}],"version-history":[{"count":13,"href":"https:\/\/www.doklog.com\/index.php?rest_route=\/wp\/v2\/pages\/26\/revisions"}],"predecessor-version":[{"id":599,"href":"https:\/\/www.doklog.com\/index.php?rest_route=\/wp\/v2\/pages\/26\/revisions\/599"}],"up":[{"embeddable":true,"href":"https:\/\/www.doklog.com\/index.php?rest_route=\/wp\/v2\/pages\/24"}],"wp:attachment":[{"href":"https:\/\/www.doklog.com\/index.php?rest_route=%2Fwp%2Fv2%2Fmedia&parent=26"}],"curies":[{"name":"wp","href":"https:\/\/api.w.org\/{rel}","templated":true}]}}

<p id="top" />&nbsp;</p>
<p>Videoproducts for: Linien Festival Neue Musik in Göttingen 2010</p>
<p><iframe loading="lazy" src="http://player.vimeo.com/video/27021921?title=0&amp;byline=0&amp;portrait=0" frameborder="0" width="949" height="534"></iframe></p>
<p><a href="http://vimeo.com/27021921">LINIEN FESTIVAL NEUE MUSIK</a> from <a href="http://vimeo.com/user3752470">doklog</a> on <a href="http://vimeo.com">Vimeo</a>.</p>
<p><iframe loading="lazy" src="http://player.vimeo.com/video/27064714?title=0&amp;byline=0&amp;portrait=0" frameborder="0" width="949" height="534"></iframe></p>
<p><a href="http://vimeo.com/27064714">daniel ott interview</a> from <a href="http://vimeo.com/user3752470">doklog</a> on <a href="http://vimeo.com">Vimeo</a>.</p>
<p><iframe loading="lazy" src="http://player.vimeo.com/video/27498032?title=0&amp;byline=0&amp;portrait=0" frameborder="0" width="949" height="534"></iframe></p>
<p><a href="http://vimeo.com/27498032">epoche F</a> from <a href="http://vimeo.com/user3752470">doklog</a> on <a href="http://vimeo.com">Vimeo</a>.</p>
<p>Interview mit Roland Diry und Anna Katharina Wildermuth 13min. Beide sprechen gemeinsam mit Tina Fibiger über Erfahrungen mit Neuer Musik.</p>
<p><iframe loading="lazy" src="http://player.vimeo.com/video/27506421?title=0&amp;byline=0&amp;portrait=0" frameborder="0" width="949" height="712"></iframe></p>
<p><a href="http://vimeo.com/27506421">Isabelle Krötsch</a> from <a href="http://vimeo.com/user3752470">doklog</a> on <a href="http://vimeo.com">Vimeo</a>.</p>
<p>Isabelle Krötsch spricht mit Tina Fibiger über ihre Projektions-Performance &#8220;Nur zwei Dinge&#8221; auf dem Linien Festival für Neue Musik in Göttingen. 15min</p>

<p>&nbsp; Videoproducts for: Linien Festival Neue Musik in Göttingen 2010 LINIEN FESTIVAL NEUE MUSIK from doklog on Vimeo. daniel ott interview from doklog on Vimeo. epoche F from doklog on [&hellip;]</p>
